) + (-4)/10. What is the tens digit of 58*b*(-1 + 0)?
5
Suppose -3*s + 3703 = -5*a - 3707, 0 = 5*a - 5*s + 7410. Let r = a + 2459. What is the hundreds digit of r?
9
Suppose 0 = -63*k + 62*k - 6, -2*m + k = -70086. What is the ten thousands digit of m?
3
Let c(a) = 2*a + 0*a + 99*a**2 + 153*a**2. Let s be c(-1). Suppose -x + 6*x - s = 0. What is the tens digit of x?
5
Let m = 15689 + -1076. What is the tens digit of m?
1
What is the hundreds digit of 5/(25/65319) - (50/(-5))/50?
0
Let l(p) = -p**3 + 7*p**2 - 5*p - 2. Let y be (39/(-26))/((-3)/(-4)). Let b be 2*(-28)/(-24) + y/(-3). What is the tens digit of l(b)?
1
Let t(y) = 23*y**2 - 90*y - 942. What is the ten thousands digit of t(39)?
3
Suppose 22*z - 18119 - 28866 = 17*z. What is the thousands digit of z?
9
Let w = -92 - -92. Suppose w*o = -3*s + 2*o + 702, -5*s - o = -1170. What is the hundreds digit of s?
2
Suppose -7*d + 59876 = 6886. What is the tens digit of d?
7
Suppose 7*p + 866 - 922 = 0. Let a(o) = o**3 + 8*o**2 - 10*o - 6. Let r be a(-9). Suppose k - 4*j = -k - p, 3*k - r*j - 3 = 0. What is the units digit of k?
6
Let p = 1372 - 1386. Let o(z) be the first derivative of 2*z**3/3 + 9*z**2 + 3*z - 1. What is the tens digit of o(p)?
4
Let c be (-23 + -2)/((-11)/22). Let d = c - 48. Suppose d*r = 125 + 245. What is the hundreds digit of r?
1
Let y(q) = 7*q**2 + 4*q + 5. Let m be 24/(-42) - ((-20)/(-14))/1. Let t be y(m). What is the hundreds digit of (-10)/t - 3010/(-25)?
1
What is the ten thousands digit of (-1 - -13)/(-2)*(-738801)/378?
1
Suppose -53*s = -272374 + 26674 - 226371. What is the tens digit of s?
0
Suppose 5*s + 1995 + 4030 = -5*j, -3*s - 2*j - 3615 = 0. Let r = s + 1909. Suppose -r = -26*x + 22*x. What is the units digit of x?
6
Suppose 373*x + 33*x = 678145 + 13295157. What is the ten thousands digit of x?
3
Suppose -2*c + 4*c - 2*l - 24 = 0, 0 = 2*c + 2*l - 4. Suppose 763 = -c*i + 7798. What is the thousands digit of i?
1
Suppose -23*f + 1146 - 456 = 0. Suppose 51 = -4*j + 163. Suppose 84 = -j*x + f*x. What is the tens digit of x?
4
Let t(n) = -n - 2. Let z(v) = -5*v - 9. Let w(k) = -9*t(k) + 2*z(k). Let y be w(-2). Suppose y*x - 4*x - 4 = 0, -p - 1 = 4*x. What is the units digit of p?
7
Let m = -2 + -10. Let z(l) = -l**3 - 13*l**2 - 10*l + 26. Let u be z(m). Suppose 0 = u*k + 3*h - 211, 2*h + 300 = 3*k + 3. What is the hundreds digit of k?
1
Suppose 19011 = 4*z - i, -5*z - 3*i = -11989 - 11796. What is the hundreds digit of z?
7
What is the hundreds digit of (-1767208)/(-44) + (-4)/(-22)?
1
Let g = 37 - 37. Suppose g = -0*v - 2*v + 8. Suppose -128 = -v*u + 220. What is the units digit of u?
7
What is the tens digit of (-44)/(1*(-72)/21474)?
2
Suppose -463336 = -39*r + 51503. What is the tens digit of r?
0
Suppose -4*w = -4*n - 4108, 5*w + 3*n = w + 4115. Suppose 2*m - 5*j - 1028 = m, -m = 4*j - w. What is the units digit of m?
8
What is the thousands digit of (400446/(-10))/(-20 + (-970)/(-50))?
6
Suppose n = 6*n + 20, 4*m = -n - 4908. What is the hundreds digit of (7 - 2) + m/(6 + -7)?
2
Suppose 0 = g + 2, 6*l + 5*g = l + 475. Let t = 25 - 19. Let o = t + l. What is the units digit of o?
3
Suppose 21*p = -3*h + 53349, 0 = -3*h - 0*p - 5*p + 53301. What is the thousands digit of h?
7
What is the hundreds digit of 7 + ((-6)/(-12))/(2/3428)?
8
Let d be 2/(0 + 2) + 3. Suppose -d*x + 8*x = -48. What is the tens digit of 3/x*(-64 - 4)?
1
Let l be (546/8)/(((-60)/64)/(-15)). What is the hundreds digit of (1 + 34/(-4))/((-42)/l)?
1
Let o(q) = q**3 + 29*q**2 + 54*q + 10. Suppose 0 = 4*h - 56 + 164. What is the units digit of o(h)?
0
Let j = 1293 + -2385. Let o = j - -2305. What is the units digit of o?
3
What is the tens digit of (-110235)/(-3) + (15/9)/(85/(-204))?
4
Let q(o) = -o**3 - 11*o**2 + 14*o + 40. Let z be q(-12). Suppose z*t - 596 + 132 = 0. Suppose t*k - 8*k - 2856 = 0. What is the hundreds digit of k?
1
Suppose 2 = -5*r + 17. Suppose r = 2*q - 3. Suppose m = 3*m + 4*k - 24, -4*m + q*k + 15 = 0. What is the units digit of m?
6
Let c(f) = -17*f**3 + 13*f**2 + 45*f + 79. Let u be c(-5). Let r be (2 - (-5)/(-2))*-22. Suppose u = q + r*q. What is the units digit of q?
2
Suppose 0 = -z + 5*a + 647, 6*z = 3*z + 5*a + 1941. Let i = z - -38. What is the tens digit of i?
8
Let v = -196 + 513. Let k = v + -105. Suppose -k = -10*q + 8*q. What is the tens digit of q?
0
Let n be 8*1/4 - 2. Suppose n = 428*i - 432*i + 76. What is the units digit of i?
9
Suppose -3*t - 2*w = 1111, 9*t + 5*w = 11*t + 728. Let x = -44 - t. What is the hundreds digit of x?
3
Let z = -613 + 603. What is the units digit of 5/z*((-3 - -1) + -404)?
3
Suppose -32*t = -1518174 - 534497 + 439423. What is the thousands digit of t?
0
Let z(h) = h**3 - 42*h**2 + 41*h + 18. Let j be z(41). Suppose j*s - 12292 = 2702. What is the hundreds digit of s?
8
Suppose -13*g - 5766 = -16*g. Suppose -5*c = 10, g = -5*t + 8*t - 4*c. What is the units digit of t?
8
Let w = 51 - 49. Let u(l) = -3 + l + l**3 - 24*l**w + 11*l**2 + 10*l**2. What is the units digit of u(5)?
2
Let w(p) = -9*p + 36. Let v be w(8). Let t = v - -39. Suppose -r + 213 = t*o, 3*r + 2*o - 631 = o. What is the units digit of r?
0
Let d = 308 - 566. What is the tens digit of d/(-8)*48/9?
7
Let p(f) = -f**3 + 13*f**2 - 24*f + 11. Let y be p(11). Let z(m) = -48*m + 75. What is the hundreds digit of z(y)?
6
Suppose -m = -23*m + 39116. What is the hundreds digit of m?
7
Let w(r) = 2*r**2 - 4*r + 42. Let v = -323 - -309. What is the tens digit of w(v)?
9
Let r(l) = -35*l**3 + 24*l + 9. Let y be r(-6). Suppose 0 = -12*q + q + y. What is the units digit of q?
5
Let z = 557 - 529. What is the units digit of 1192 + (-4)/(z/(-35))?
7
Let q(f) = 106*f + 1275. What is the hundreds digit of q(-6)?
6
What is the thousands digit of (-1502)/((-18)/60 + (78/24)/13)?
0
Let f(w) = -1042*w - 38. Let l be f(-1). Suppose -a + 2*y - 496 = -2*a, 2*a - 2*y = l. What is the tens digit of a?
0
Suppose 0 = -306*w + 71*w + 1286155. What is the units digit of w?
3
Let z = 287 - 287. Suppose -51*b + 62*b - 5566 = z. What is the tens digit of b?
0
Let f(u) = 322*u**2 - 84*u + 340. What is the units digit of f(4)?
6
Let z = 69200 + -20392. What is the thousands digit of z?
8
Let g(t) = t**3 + 8*t**2 + 6*t + 11. Let c(u) = -4*u - 4. Let l be c(-4). Suppose l - 61 = 7*s. What is the tens digit of g(s)?
1
Let h(l) be the third derivative of -l**6/40 - l**5/60 + l**4/12 + 41*l**3/3 + 150*l**2. What is the tens digit of h(0)?
8
Let o(v) = -298*v**3 - 4*v**2 - v. Let f = 49 + -50. What is the units digit of o(f)?
5
Let b = 266 + -44. Let w be ((-54)/45)/((-6)/40). Suppose -7*m + w*m = b. What is the tens digit of m?
2
Let u(b) = 4*b + 10. Let w(s) = 5*s + 9. Let o(p) = -3*u(p) + 2*w(p). Let g be o(-7). Suppose -117 = -g*v + 47. What is the tens digit of v?
8
Suppose 6*z + 18 = 48. Let c = 8 - z. Suppose -13*h + 580 = -c*h. What is the units digit of h?
8
Suppose i = 3*i + 2*w - 1648, 840 = i - 3*w. Let x = i - 335. What is the tens digit of x?
9
Suppose -3*z + 34175 = -5*q + 1301, 43824 = 4*z - 4*q. What is the ten thousands digit of z?
1
Let i = 88 + -60. What is the tens digit of 346/4 - (-42)/i?
8
Let h(o) = -94*o + 36. Let g be h(-10). Let w = g + -439. What is the units digit of w?
7
Let j = -388 - -386. What is the tens digit of (168/(-15))/(j/10)?
5
Let o(a) = -a**3 + 3*a**2 - 5*a + 276. What is the thousands digit of o(-16)?
5
Suppose -37*j + 29*j + 4096 = 0. Let q = j + -72. What is the tens digit of q?
4
Let a(m) = -m + 18. Let k be a(13). Let n(u) = -u**3 + 5*u**2 + 3*u - 7. Let r be n(k). Suppose 14*f - r*f - 210 = 0. What is the tens digit of f?
3
Let f = 193823 - 133039. What is the units digit of f?
4
Let q be -5 + (-460)/(-36) + 4/18. Let d(w) = -5 + w**3 + 2 - 15*w + 3 + 12*w**2 - q. What is the units digit of d(-13)?
8
Suppose -5*b + b = -w - 280, -3*w - 765 = 3*b. Let h = w + 1028. What is the units digit of h?
8
Suppose 129800 = 114*j - 106*j. Suppose 2*g = -23*g + j. What is the hundreds digit of g?
6
Suppose -367251 = -96*l + 209901. What is the hundreds digit of l?
0
Let q = -58 + 54. Let f be (-56)/((2/q)/1). What is the tens digit of (f/24)/(1/(-9)*-3)?
1
Let u be (-1 + (-19 - 0))*(-12)/24. Suppose p + 4*h = -4*p + u, -2*h = 10. What is the units digit of (-1